et r(u) = u**3 + u**2 - 5*u - 6. Suppose -14*n = 2 + 40. What is r(n)?
-9
Let y(d) = 19*d + 0 - 2 - 8*d - 8*d + 0. Suppose q + 2*q + 22 = -4*a, 4*q = 2*a. Calculate y(q).
-8
Let f(m) = m**2 + 10*m - 9. Suppose 4*a + 270 = 9*a. Let r = a - 65. Calculate f(r).
2
Let w be ((-21)/5)/((-3)/(-15)*-3). Let a(j) = 6*j - 24. Determine a(w).
18
Suppose -s - 2*s + 9 = 0. Let w(d) = -4*d**2 - 7*d - s*d**2 + 8*d**2 + 1. What is w(5)?
-9
Let b(f) be the first derivative of -f**3/3 - 2*f**2 + 5*f - 96. Give b(-4).
5
Let x(a) = a**3 - 2*a**2. Suppose -46 = 11*r - 222. Suppose -r + 14 = -c. What is x(c)?
0
Let x(w) = 1 + 0*w**2 - 3*w**2 - 16 + 2*w**2 + 8*w. Calculate x(7).
-8
Let z(j) = 2*j**3 + 12*j**2 - 11*j**2 + 4*j - j + 3*j**2. Calculate z(-2).
-6
Let y(q) = q**3 + 6*q**2 - 8*q - 2. Let b be y(-7). Let c be ((-15)/(-2))/b + (-9)/18. Let m(x) = -18*x**2 - 2*x + 1. Determine m(c).
-19
Let d = 103 + -103. Let n(u) be the third derivative of -1/24*u**4 + 0 + 5/6*u**3 + d*u + 8*u**2. What is n(6)?
-1
Let x(q) = 2*q**3 - 3*q**2. Let k be 24/(-9)*(-10 + 1). Let a = k + -22. Give x(a).
4
Suppose -23 = -5*y - 4*f, -4*f + 10 = f. Let q(t) = -3*t + 3*t**3 + 6*t - 3 - 8*t - 2*t**y + 5*t**2. Let u(b) = -7*b + 1. Let l be u(1). Calculate q(l).
-9
Let b(w) = -2*w - 9. Let z(t) be the first derivative of t**2/2 + 9*t + 2. Let x(a) = -2*b(a) - 3*z(a). Let h = 463 - 458. Determine x(h).
-4
Let i(r) be the second derivative of r**3/6 + r**2 - 9*r - 3. Give i(-5).
-3
Let o(c) = c**3 + 3*c**2 - 2*c + 4. Let f be o(-4). Suppose -5*b = 2*y - 52, 2*b - 21 = -5*y + 4. Let d = b + f. Let j(w) = -w + 5. Determine j(d).
-1
Suppose 6 = -a - 0. Let j(s) = 2*s - 1. Suppose -3*c = -u + 17, c + 9 = 2*u - u. Let m(n) = -3*n. Let f(y) = u*m(y) + 6*j(y). What is f(a)?
12
Let i(w) = -22 - 13 - 4*w - 5*w - 19 + 48. What is i(-6)?
48
Let k(v) = 2*v + 5. Let w = -3 + -4. Let b = w + 3. Give k(b).
-3
Suppose -4*d + l - 24 = -3*l, 2*d + 5 = -5*l. Let i = d - -7. Let k(p) be the second derivative of 5*p**3/6 - p**2 - p - 7. Determine k(i).
8
Let n(z) = -z**2 + 7*z - 4. Let b be -10*(-4)/(-24)*-3. Suppose g = -5*s + 18, -b*s = -4*g + 136 - 14. Suppose w = -3*w + g. Calculate n(w).
-4
Let n = 2 + 1. Let z be (-1 - -3) + n/(-1). Let o(w) be the first derivative of -3*w**2/2 + 1. What is o(z)?
3
Let b(a) = -6*a - 25. Let t be (4*3)/(-2) - 0/(-3). What is b(t)?
11
Let q(f) = -4*f - 2*f + f**3 + 3*f + 6 - 5*f**2. Let d be (13 - (10 - 1)) + (6 - 4). Give q(d).
24
Let n(z) be the first derivative of -z**3/6 - 5*z**2/2 + 35*z - 25. Let d(j) be the first derivative of n(j). Give d(7).
-12
Let y(t) = -t**2 + 8*t - 7. Let n be -4*8/((-256)/56). What is y(n)?
0
Let g be (-84)/(-70)*20/6. Let s be (-119)/(-34) + 2/g. Let h(k) = -k**2 + 4*k - 1. Determine h(s).
-1
Let g(q) be the third derivative of 0 - 1/6*q**4 + 1/60*q**5 + 0*q - 47*q**2 - q**3. Determine g(6).
6
Let b(i) = 5*i**2 + 2*i + 1. Let z be b(-1). Let q(p) = -p**2 + 3*p + 9. Let s be q(z). Let g(v) = v**2 - 3*v + 5. Calculate g(s).
15
Let k be 6*-12*7/(-126). Let h(r) be the first derivative of -5/3*r**3 + 3/2*r**2 - 1 + 1/4*r**k - 2*r. Calculate h(4).
-6
Let v(q) = -q**2 - 8*q - 6. Let j be v(-7). Let r(i) = -i - 1 + 2 + j. Give r(4).
-2
Let j = -14 + 12. Let v be 5 + j + 0 + 4. Let m(p) = p**3 + v*p**2 - 2*p**2 + 2*p + 2 - 3. What is m(-4)?
7
Let o(w) = -7*w**3 + w**2 + 10*w. Let a(d) = -8*d**3 + 2*d**2 + 11*d. Let x(n) = -6*a(n) + 7*o(n). Determine x(-6).
12
Let s(g) = -16*g - 105. Let l(u) = -3*u - 21. Let o(v) = 11*l(v) - 2*s(v). Let z be o(-14). Let q(i) = -i - 3. Determine q(z).
4
Let m(j) = j**3 + 5*j**2 + 2*j + 4. Suppose -3*x + 10 - 37 = 0. Let s(f) = -f**3 - 10*f**2 - 6*f + 22. Let k be s(x). Calculate m(k).
-6
Let r(b) be the first derivative of 6*b**2 + 2*b - 317. Determine r(-2).
-22
Suppose 13*r + 14*r + 621 = 0. Let g(z) = -z**2 - 23*z - 6. Determine g(r).
-6
Let l(v) = -v**3 + 9*v**2 + 2*v - 7. Let s be ((-9)/4)/((-15)/60). Calculate l(s).
11
Let f be ((-57)/(-9))/(3/9). Suppose b - 4*t - 1 = f, 3*b + 5*t = -25. Let u(i) = -i - 1. Give u(b).
-1
Suppose 4*m = -3*c + 16, -3*c - 2*c = 0. Let h(z) = z - 2. What is h(m)?
2
Let l(y) = -9*y + 1. Let d(t) = t**3 - 2*t**2 - 3*t + 3. Let m be d(2). Give l(m).
28
Suppose -a = a - 10. Let r(n) = -11*n**3 + 11*n**2 + 26*n + 5. Let p(k) = -13*k**3 + 12*k**2 + 32*k + 7. Let u(d) = -5*p(d) + 6*r(d). Calculate u(a).
0
Let l be (-3)/3 + 2 + 1. Let p(i) = -4*i + i + 2*i - 4*i**l - 3 + 2. Give p(-2).
-15
Suppose 5*s = -2 - 8. Let z(w) be the first derivative of w**5/20 - w**4/12 - w**3/3 - w**2 - 3*w + 1. Let j(q) be the first derivative of z(q). Give j(s).
-10
Suppose 0 = 9*i + 484 - 421. Let k(a) be the first derivative of -a**2 + 9*a - 1. What is k(i)?
23
Let j(d) = 6*d**2 + 40*d + 20. Let h be j(-6). Let m(a) = -a**2 + 5*a + 2. Give m(h).
-34
Suppose -264 = -14*b + 33*b + 14*b. Let h(p) be the first derivative of p**2 + 9*p - 1. Determine h(b).
-7
Suppose -12*p = 3*y - 9*p + 3, 12 = 4*p. Let g(z) = -z**2 - 7*z - 3. Give g(y).
9
Let b(t) = 11*t**2 + t + 1. Let x be 30 - (-4 + (-2 - -3)). Suppose -3*k + 4*j + 13 = 0, -2*k + 11 = 5*j + x. Give b(k).
11
Let x(r) = -r - 3. Let l be x(-6). Suppose 2*m = 2*d - 12, l*d + d = -m + 14. Let h(v) = -27*v**2 + d + 4*v + 28*v**2 - 3*v. Calculate h(0).
4
Suppose 4*d = -20, d = -5*c + 5*d - 10. Let j be (4 - (-2 - c))/(-1). Let y(p) = 0 + 9 + 2*p**3 - 7 - p - p**3 + p**2. Give y(j).
2
Let l(g) = -g**2 + g + 4. Let n(r) = 5*r - 26. Let j be n(-8). Let c = j - -69. Calculate l(c).
-2
Let t(l) be the first derivative of 5*l**2 + l - 23. Calculate t(1).
11
Let c = -26 - -43. Suppose 3*p + 21 = 2*z, 2*z + 4*p = z - c. Let j = -5 + z. Let a(d) = d**3 + 2*d**2 - d - 2. What is a(j)?
0
Let q(z) = 5*z**2 + 2*z**2 - 5 - 18*z**3 + 17*z**3 - 7*z. Suppose 5*g + 2*s - 24 = 0, 0 = g + 2*g + s - 15. What is q(g)?
-11
Let j = 247 + -129. Let m = j + -124. Let g(y) = -2*y - 5. Calculate g(m).
7
Let c(r) = -39*r - 21. Let x(k) = -4*k - 2. Let u(h) = 2*c(h) - 21*x(h). Let b(g) = -g. Let i(m) = 3*b(m) + u(m). Calculate i(2).
6
Let p(u) = -27*u - 21. Let m(j) = 149*j + 105. Let b(d) = 2*m(d) + 11*p(d). Calculate b(12).
-9
Suppose 4*d - 292 = -264. Let t(q) = -2*q**2 + 7*q. What is t(d)?
-49
Let g(z) = 2*z**3 - z**2 - 2*z - 1. Suppose -5*h - 78 = 2*v - 0*v, h = 5*v - 21. Let y be ((-8)/(-16))/((-1)/h). Let w = -6 + y. Give g(w).
7
Let k(b) = -2*b**3 + 5*b**2 - 3*b. Let u(w) = -w**3 + 3*w**2 - 2*w. Suppose -4*i - 26 - 58 = 0. Let o = -19 - i. Let l(v) = o*k(v) - 5*u(v). Calculate l(4).
0
Suppose 4*b - 3 + 5 = -2*x, -7 = 4*x + 5*b. Let j be (-595)/(-28) - x/4. Let s(h) = 49 + 5*h - j - 28. Give s(1).
4
Suppose -2*j = 2*f - 8, 4*j - 3 - 1 = -f. Let x(g) = g + 2. Let a(i) = i + 2. Let z(m) = 3*a(m) - 2*x(m). Determine z(f).
6
Let h(t) = 3*t. Let u(s) = -s**3 + 8*s**2 - s + 11. Let p be u(8). Suppose 7*m - 4 - p = 0. Determine h(m).
3
Let x(r) = -r**2 + 1. Let c(s) = 5*s**2 - 11*s - 24. Let y(f) = c(f) + 6*x(f). Let i be y(-8). Let k = 0 + i. Let l(g) = g - 4. What is l(k)?
2
Let v(j) be the second derivative of -j**4/12 - 2*j**3/3 + 21*j**2/2 + 217*j. Calculate v(-7).
0
Let a be (-2 + 3)/((-3)/(-2) - 2). Let z(p) = -8*p - 8. Give z(a).
8
Let k(s) = -s - 9. Suppose 13*b - 7*b = 48. Determine k(b).
-17
Let v(n) = -2*n**2. Let z be 18/(-63) - 5/7. Let o be z/(-3) - 45/(-27). Determine v(o).
-8
Suppose 2 = -2*z + 12. Let v(b) be the second derivative of -5/6*b**3 + 0 + 1/2*b**4 - 1/20*b**5 - b**2 + 2*b. Determine v(z).
-2
Suppose 4 = -g - 2*h, -3*h = 5*g - 7*h - 50. Let y(p) = -4*p - p + 4*p + g + 2. What is y(-8)?
16
Let s(k) be the second derivative of -k**5/20 - 7*k**4/12 - 7*k**3/6 + 17*k**2/2 + 6*k. Determine s(-5).
2
Suppose 2*s = -0*s - 6. Let b(r) = 27 - r**2 + 4*r**2 - 2*r**2 - 28 + 2*r. Let t(y) = -y**2 - 2*y + 1. Let q(w) = -6*b(w) - 5*t(w). What is q(s)?
-2
Let p(f) be the second derivative of 39*f + 0*f**4 - 9/20*f**5 - 1/6*f**3 + 0 + 1/2*f**2. Determine p(1).
-9
Let a(l) = 4*l - 3. Let g(s) = s**2 - 12*s + 38. Let z be g(6). Suppose 12*p - 26 = -z. Determine a(p).
5
Let y be 9/(-36) + 10/8. Let q(x) = -7*x**2 - x + 2. Determine q(y).
-6
Let z(n) be the second derivative of n**4/12 - 2*n**3/3 - 7*n**2/2 + 5*n. Calculate z(5).
-2
Let m(i) = 22*i + 45. Let j(k) = -5*k - 11. Let g